+ -25 - -1
-27
Evaluate -2 + (11 - 1) - (31 - (4 - (65 - 21))).
-63
Evaluate -17 + (-146 - -20) + 86.
-57
What is 12 + 7 - (-27 - (-21 + 12))?
37
What is the value of (22 - (6 + -41)) + -114?
-57
Calculate -1564 - -1703 - (108 - -2).
29
What is the value of (-7 - -31) + -14 - -11 - 16?
5
What is the value of -3 + -1 - (-2 - 4) - (35 + -40)?
7
Calculate 65 - (-17 - (-6 + 3 - (-2 - -6)) - -21).
54
What is the value of (-5 + -28 - -44) + (5 - 3)?
13
What is the value of -111 + -17 + (6 - -27) + 7 + -5?
-93
-2 - -31 - (-173 - (-120 + -19))
63
What is the value of 17 + -53 + (-9 - -17 - 8)?
-36
What is the value of 59 + 14 + (-16 - (1 + -15))?
71
-7 + -1 + -1 + (-22 - -3 - -13)
-15
What is 123 + -139 + (0 - -24) - -10?
18
Calculate (2 - 2 - 4) + (14 - (30 + 69)) - 4.
-93
What is -7 + -1 + 1 - (15645 + -15644)?
-8
What is (0 - -42) + (-23 - -2) + 22?
43
What is the value of -359 + 348 - (-9 + 7 + 0)?
-9
Evaluate 1 + (-17 - (51 - 24)).
-43
3 + -49 + (22 - 45)
-69
-7 + 1 - ((-11 - (3 + 7)) + 6)
9
Evaluate -5 + 5 + -3 + -2 - (400 + -414).
9
Evaluate -31 - -91 - 99 - (2 + -18).
-23
16 - (-10 + 49) - (-5 - 5) - -6
-7
Calculate 125 + (-10 - 42) - 5.
68
-10 + (4 - ((2 - 1) + (0 - 0)))
-7
Calculate 399 + -541 - (-22 - 17).
-103
45 + (-11 + 17 - (22 + 1))
28
What is the value of -9 + (5 - -1 - (120 - 85))?
-38
What is the value of 0 + -37 + (1474 - 1360) + (-2 - 11)?
64
-102 + 108 + -68 + -10
-72
What is the value of (65 - (124 + -46)) + 22?
9
What is the value of -15 + 14 - (-5 + -7) - 31 - (10 - 24)?
-6
Evaluate (-67 - 18) + -29 + 60 + -23.
-77
Calculate -420 - -398 - (14 + 4).
-40
What is the value of ((-33 - -22) + 18 - 9) + -2 + 21?
17
What is 4 - -1 - (-141 + 118 + -89) - (-3 + -1)?
121
What is (99 - 66) + (-5 + 9 - 23)?
14
Evaluate -9 + (-2 - -6 - (39 - 31)) - 65.
-78
What is the value of 17 + -5 + 5 - (7 - (36 - (-23 + 43)))?
26
What is the value of (19 + -2 + 2 + 2 - 7) + -1?
13
What is 1 + (-5 - (-14 + -6)) + 35?
51
Evaluate 1 + (-15 - (-16 - (8 + -47))).
-37
(-24 - (-11 + 27 + -21)) + 36
17
2 - (41 + (10 - 58)) - (1 + -2 - 64)
74
Evaluate -1 + 7 - (31 + -18) - (3 - 0).
-10
-15 + (-25 + 24 - -55)
39
What is the value of 162 - 179 - (33 + -9)?
-41
What is the value of (-16 - (-24 + 4)) + 0 - 6?
-2
What is -3 + -48 + 1 - (-15 + 23 + (39 - 53))?
-44
Evaluate -458 + 457 - (-5 + 3 - 39 - -2).
38
Calculate 50 + -114 + 30 + 40.
6
-9 - ((1 - -72) + -36 + 2)
-48
What is 24 + (80 - (0 - 1) - (-11732 + 11753))?
84
What is the value of (-127 - (-173 + 73)) + 1 + -55?
-81
What is the value of 1 + -12 - (7 + 21 + (22 - 43))?
-18
Calculate -84 - (38 + -118) - (-3 + 1 + -1 + 9).
-10
What is 343 - 231 - (0 - -41) - -37?
108
Calculate 10 - (46 + -44) - -14.
22
-38 + (-40 + 9 - -25)
-44
What is (2 - 33) + (-6 - 120 - -173)?
16
4 + -3 + (5 - 6) + -8 + 2 + -27
-33
Calculate (21 - (-17 - 38)) + -8.
68
What is the value of 7 + (-63 - -111 - -36)?
91
What is -28 - (131 + -67 + 56)?
-148
Evaluate -113 + 125 + 3 + -2 + -9 + -27.
-23
What is (10 - (-2 - -12)) + 20 + -7 + 8?
21
(-2 - -4) + -18 - (26 + (-53 - -118))
-107
(-26 - -30 - (10 + 12)) + 60
42
What is (-183 + 248 - 34) + (25 - 1)?
55
314 + -303 - (24 + 13)
-26
What is the value of 5 - ((29 - -4) + -12)?
-16
What is 2568 + -2548 - (0 + -8 - (-2 + 1))?
27
What is 1680 - 1642 - (-1 + 4 + (-5 - (3 + -2)))?
41
(-81 - -46) + 1 + 16 + 1 + -15
-32
Calculate -50 + (-11 - (-8 - 7)).
-46
What is -11 + (-7 - (3 + -4) - -8) - -29?
20
Calculate 953 - 908 - (7 + 6 + -2 + 5).
29
-13 + 80 + 5 + (-2 - 0 - 5)
65
What is the value of 3 + 1 + -8 + (7 - (6 - -1 - -2))?
-6
-25 + -45 + 27 + -10 + -6
-59
Calculate -27 + (28 - (-46 - -27)).
20
Evaluate (3 - -2 - -15) + -184 + 87 + 2 + 6.
-69
-24 + 46 + -5 - 49
-32
Evaluate -98 + 87 + (-5 - -4) + 3 + -9 + -11.
-29
Calculate 72 + (-126 - (-106 - 66)).
118
8424 + -8435 + -50 + -1
-62
What is the value of -23 - -41 - 76 - 2?
-60
8 + -30 - ((-1 + 1 - -1) + 9 + -5)
-27
(-2 - (2 + 1) - -93) + -24 + (12 - 0)
76
3 + 3 + (25 - 17 - 128)
-114
What is the value of (12 - (3 + 0)) + -48 + 14 + 11?
-14
What is the value of -1 - -58 - (379 - 335)?
13
What is 42 + -80 + -26 - -50?
-14
What is (-1 - (-48 + 0)) + (5 - (97 + -87)) - 8?
34
Evaluate (5 - (-3 + (23 - 8)) - -11) + 5.
9
What is (-1 - 8) + 162 + -159 + -33?
-39
134 + -156 + (-10 - -75)
43
Evaluate -6 - -3 - (174 - 165).
-12
Evaluate (-2 - (1 - 1)) + 55 + -56 - (-4 + 18).
-17
13 + -1 + (5 - ((28 - 10) + -13) - 0)
12
Evaluate -34 - (-4 - (-2 - (-5 - 4 - -15))) - 8.
-46
What is the value of -12 + (63 + -70 - -3)?
-16
Evaluate -3 + 2 + -46 - (48634 - 48820).
139
Evaluate 138 - 202 - (-18 - (-6 + 1)).
-51
Evaluate (-4 - 0 - (120 - 34)) + (209 - 224).
-105
17 - 19 - 20 - -24 - (1 - -2) - -32
31
Evaluate 102 + -62 + 43 + -47.
36
Evaluate 0 - (-1 - -3) - (-110 + 19 + 92).
-3
Evaluate (1149 + -1234 - (-18 + 0)) + -26.
-93
2 + -23 - 13 - (-86 - -79)
-27
What is -91 + 39 + 129 + -132?
-55
Calculate -62 - (-141 + (-29 - -43)).
65
22 - (-38 - -1) - -12
71
Calculate 4 - -7 - (47 + (3 - (2 + -2)) + 3).
-42
20 - (60 - 62 - (2 - 19))
5
Calculate 1 - 19 - ((133 - -31) + -220).
38
160 + (54 - (253 - 16))
-23
Evaluate ((-4 - (-7 - -8)) + 7 - -18) + 89.
109
What is the value of (1 + (3 - 18) + (11 - 1) - 3) + -3?
-10
What is 3 + 7 + -4 + 2 + (156 - 151)?
13
What is (29 - 48) + (-3 - -19) + -3 + 6 - -54?
54
Evaluate 2 + 0 + -4 + 13 + -229 + -21 + 239.
0
What is -6 + 5 + (-10 - (-27 + 8)) + (-4 - 26)?
-22
What is -41 - (27 + -40 + -71)?
43
(58 - 97 - 23) + 81 - (-27 - -1)
45
Evaluate -1 + 1 + (-2 + -84 - -126).
40
Evaluate (-45 - (-13 - (12 - 13) - 0)) + -3.
-36
Calculate 50 + -5 + 5 + -39.
11
What is 1 + -60 - (1648 - 1670)?
-37
Evaluate -79 - (-5 - (-5 + 5 + -4 - (-22 + 24))).
-80
(-2 + 6 - (-33 + 12)) + -15 + -3 - -136
143
What is -47 + 16 + -90 + 166?
45
Calculate 9 + -12 - (-2 - (7 - 1 - 13)) - -6.
-2
(-1 - 1 - -1) + (72 - (-378 + 408))
41
Calculate 262 + -270 + ((6 - 3) + -1 - -69 - 3).
60
What is the value of 55 + 0 + (176 - (-15 - -172))?
74
(6 - (9 + (9 - 3))) + -76 + 72
-13
What is the value of -30 + (-100 - -344 - 118)?
96
What is 58 + -112 - (-52 + 14)?
-16
What is the value of 45 + 77 + -81 + -31?
10
Calculate -40 - -46 - (3 + 0 + (5 - -1)) - -9.
6
What is -379 + 412 - (52 + -2)?
-17
Evaluate (-2 - 0) + (-30 - -92) - (-25 + 19).
66
5 - ((-11 - (-7 + -16)) + 54 + -5)
-56
136 - 157 - (2 - 57) - -19
53
What is the value of (10 - 1 - (-6 - -2)) + (-8 - -21 - -47)?
73
Calculate -34 + (-30 + 15 - -90).
41
What is (-23 - (-17 + (-34 - -11))) + 9 - 5?
21
Evaluate -12 - (-112 - -9 - (0 - 29)).
62
Evaluate (-9 - (29 + 34)) + -12 - -19.
-65
What is the value of -11 + (0 - 15 - (5 - (33 - -12))) + -68?
-54
Calculate 49 + (-43 + 0 - (3585 - 3665)).
86
Evaluate 157 + -343 + 180 - (56 - 1).
-61
What is the value of (-83 - -48) + 63 - 86?
-58
Evaluate -41 - ((-98 - -98) + -39).
-2
Evaluate -2 + 6 + 0 + 40 + (-16 - -34) + -18.
44
Evaluate -102 - (4 + -16 + -43 + 62 - 20).
-89
What is 1 + (7 - 2) - (-1589 + 1597)?
-2
Evaluate -5 + -9 + 33 + (-7 - (-22 + 7)).
27
Evaluate -3 + 21 + (-10 - (121 + -93)).
-20
What is the value of (-199 - -110) + -15 + 58?
-46
2 + -9 + (-1 - 11 - (-42 + 8 - -36))
-21
What is 1476 - 1471 - (-4 - -2 - 2)?
9
Calculate -49 + 16 + (-3 + -3 - -12 - -1).
-26
Calculate 94 + -3 + 1 - ((-5 - -12) + (-9 - -5)).
89
Evaluate -4576 - -4646 - (1 - 10).
79
What is the value of -59 - 16 - -34 - (-152 + -3)?
114
What is the value of 5 + -1 + 14 + -25 + 30 + -19?
4
-357 + 318 - (1 - 148)
108
What is -10 + (-136 - -132) + (-22 - (6 - 3))?
-39
What is the value of 32 + 0 + (17 - 52) + (-32 - -57)?
22
Evaluate -1 + 6 + (22 - (-2 + 34) - 4).
-9
What is the value of (-59 - (-61 + -8)) + (0 - (1 - -1))?
8
What is -32 + 101 + 15 + -16?
68
Calculate -89 + (118 - -4) - 101.
-68
(1 - -3) + -46 + 0 + 15
-27
-2 + -49 + 4 + (64 - 39)
-22
What is (25 - -98 - 180) + 92?
35
What is -5 + 5 - 7 - (0 - (16 + -2))?
7
What is -6 + -2 - (77 + (8 - 0) + -6)?
-87
Calculate 14 - (162 - 87 - 40).
-21
Evaluate -76 + -17 - -48 - -55.
10
What is -59 + (-31 - -7) + 59?
-24
49 - (115 - -62 - 50)
-78
Calculate 36 - (25 + 22 + -49).
38
What is the value of 36 + (3 - -14 - 18 - 18)?
17
Calculate (74 - (24 + -50 - -34)) + -23.
43
Evaluate 56 + (64 + -219 - -45).
-54
What is 75 + -130 + 45 + 8 + 1 - -